e 3, what is -22022011212211011 - 0?
-22022011212211011
In base 13, what is 185a5b6 - -4?
185a5ba
In base 5, what is -322204344440 - 3?
-322204344443
In base 2, what is -1000001100 + -1010110111110?
-1011111001010
In base 8, what is -4545 + -11232?
-15777
In base 11, what is 224324 - -1a5?
224519
In base 8, what is 1 - -5112742?
5112743
In base 14, what is -23a291 - 0?
-23a291
In base 9, what is -1881008 - 60?
-1881068
In base 10, what is -55 + 436602?
436547
In base 2, what is -110010 + 100000010011001001110?
100000010011000011100
In base 6, what is 324 - -4310202?
4310530
In base 3, what is 122202012201100121 - -12?
122202012201100210
In base 14, what is 5 - 913036?
-913031
In base 9, what is 517272 + -24?
517247
In base 10, what is -2 + 1817811?
1817809
In base 14, what is 6 + -1b54a?
-1b544
In base 15, what is -6adddc + -3?
-6adde0
In base 12, what is 200b200 - -b?
200b20b
In base 2, what is -10 + 1001001100011111110110001?
1001001100011111110101111
In base 13, what is 3 - 2971cb75?
-2971cb72
In base 3, what is -120111011 - 1?
-120111012
In base 5, what is -12400020212 - 14?
-12400020231
In base 7, what is 134353341 - 5?
134353333
In base 8, what is -6 - 4477636?
-4477644
In base 10, what is 31112 + -35951?
-4839
In base 6, what is 40104 + 252240?
332344
In base 16, what is -b765a2 + 1?
-b765a1
In base 6, what is 1000 + 4015123?
4020123
In base 11, what is 26 + -9137629?
-9137603
In base 5, what is -1131 - 212343?
-214024
In base 12, what is 20 + -10b136?
-10b116
In base 2, what is -1001101010000110 + 11010101?
-1001100110110001
In base 12, what is 4 + -20b9bb1?
-20b9ba9
In base 6, what is -20045243 - 13041?
-20102324
In base 5, what is -2 - 423233402?
-423233404
In base 6, what is -105 + 51040155?
51040050
In base 15, what is -3aa1d + -add?
-3b60b
In base 12, what is 450a33 - -4?
450a37
In base 12, what is 31 + 6368a9?
63691a
In base 6, what is 341444332 + 2?
341444334
In base 3, what is -1 + -1102111202021?
-1102111202022
In base 16, what is -1a3432f - -d?
-1a34322
In base 7, what is 20226135 + -4?
20226131
In base 3, what is 1120222220101 + -10?
1120222220021
In base 2, what is 101100001110100110001111 + 100?
101100001110100110010011
In base 15, what is dc8321 + -5d?
dc82b3
In base 7, what is -5 - -2640345?
2640340
In base 10, what is -13719 - 15999?
-29718
In base 7, what is 212263022 - 1?
212263021
In base 9, what is 30 - 814743?
-814713
In base 12, what is 31239 + -1b2?
31047
In base 11, what is -1 - 13a435a4a?
-13a435a50
In base 15, what is 9e5 + 3e08?
48ed
In base 8, what is -53361 - -37?
-53322
In base 5, what is 10233011 + -24?
10232432
In base 10, what is -26282150 + 8?
-26282142
In base 3, what is 11 - -10222100110210201?
10222100110210212
In base 10, what is -30 - 199700?
-199730
In base 2, what is -1001 - 1111100001010010010101?
-1111100001010010011110
In base 6, what is -4332 + 151534?
143202
In base 5, what is 10214224 - -1222?
10221001
In base 10, what is -649 - 145819?
-146468
In base 3, what is 2111202001 - -112010?
2112021011
In base 8, what is 210164220 - 3?
210164215
In base 2, what is 1000100 - -11111001111001001?
11111010000001101
In base 9, what is 0 - -87708702?
87708702
In base 13, what is a1221 + 5?
a1226
In base 7, what is -15 + -10004054?
-10004102
In base 13, what is -57921 + -19?
-5793a
In base 4, what is -11 - -113011123132?
113011123121
In base 10, what is -8 - 11273249?
-11273257
In base 6, what is -205345 + -14454?
-224243
In base 9, what is 1732258 + 1?
1732260
In base 13, what is -500414 + 4?
-500410
In base 14, what is -1348a7c8 + -1?
-1348a7c9
In base 16, what is be3643 - -4?
be3647
In base 2, what is -101011110110 - -10110100111011?
10001001000101
In base 15, what is 158350d - -29?
1583537
In base 3, what is -2201 + -22101000122?
-22101010100
In base 14, what is -4 + -51056d?
-510573
In base 7, what is 2 - -554216421?
554216423
In base 14, what is 1 + -84c666c?
-84c666b
In base 10, what is 789 + -22859?
-22070
In base 16, what is -1b - 13014e0?
-13014fb
In base 5, what is 10433220 + 3410?
10442130
In base 10, what is -264430 + -65?
-264495
In base 4, what is 312 - 3202233220?
-3202232302
In base 15, what is -111db97 + -34?
-111dbcb
In base 4, what is -3010303000332 + -13?
-3010303001011
In base 2, what is 1110011001011001001100110010 - 0?
1110011001011001001100110010
In base 16, what is fe09d1 - -35?
fe0a06
In base 2, what is 11000110 - -1110011011100001?
1110011110100111
In base 13, what is -17 + -31cab?
-31cc5
In base 2, what is -11101100101101001 + -1000111?
-11101100110110000
In base 16, what is 20cf20 - 15?
20cf0b
In base 15, what is 50 - 32d056?
-32d006
In base 5, what is -3024 + 1204442?
1201413
In base 12, what is 0 + -315a71aa?
-315a71aa
In base 11, what is 6631a - -424?
66743
In base 15, what is da5265 + 4?
da5269
In base 13, what is 6278 - -725?
69a0
In base 5, what is -402 - 2143013?
-2143420
In base 9, what is 652877047 - 3?
652877044
In base 14, what is 4 - -4330aba?
4330ac0
In base 4, what is -3012130221 - -230?
-3012123331
In base 14, what is a8d88 - -13?
a8d9b
In base 2, what is 1 + 111000101011110110110?
111000101011110110111
In base 7, what is 2 + -36365406?
-36365404
In base 6, what is 0 - 25355435553?
-25355435553
In base 4, what is 22133013 + -102011?
22031002
In base 5, what is 23 + -12210143042?
-12210143014
In base 14, what is -3 + 1b6357?
1b6354
In base 15, what is 6bcb + 9d4?
76b0
In base 3, what is -2 - 20110121112112?
-20110121112121
In base 12, what is -4 - 652520a?
-6525212
In base 16, what is 79 - 8f8?
-87f
In base 7, what is -15620 - -621051?
602131
In base 9, what is -1858165588 + 5?
-1858165583
In base 12, what is -1705b - 5961?
-20a00
In base 3, what is 0 + 101121222121111?
101121222121111
In base 10, what is -5 + -4510924?
-4510929
In base 4, what is 231 + 300013202232?
300013203123
In base 14, what is -2a + 396408?
3963bc
In base 3, what is -1021112 + 12101?
-1002011
In base 12, what is -2 + -4b0a92b?
-4b0a931
In base 6, what is 3 + -2032303305?
-2032303302
In base 10, what is 4 - -53170?
53174
In base 11, what is -124 - -2973?
284a
In base 12, what is -2716 + -1780?
-4296
In base 14, what is -628521 + 32?
-6284cd
In base 16, what is 47ff - -1d1f?
651e
In base 6, what is -2 + 14030121150?
14030121144
In base 2, what is 101101110000010000011 - -1010000?
101101110000011010011
In base 15, what is 1024 + 17b5?
27d9
In base 9, what is 427218481 - 2?
427218478
In base 14, what is -50b3 + 11d7?
-3cba
In base 2, what is 100000000111011101000 - 0?
100000000111011101000
In base 9, what is -1108445 - 703?
-1110248
In base 10, what is 37508432 - -19?
37508451
In base 8, what is 16157 + 47233?
65412
In base 2, what is -111101010 - 1110100011110100100?
-1110100100110001110
In base 7, what is -11 - -156504?
156463
In base 2, what is 1100101011010 + 1011010101?
1110000101111
In base 13, what is b - a88c572?
-a88c564
In base 13, what is 7 - -56440a?
564414
In base 13, what is 7700 + -8cc2?
-15c2
In base 7, what is 23465012 + -4?
23465005
In base 3, what is -1111211122021120201 + -11?
-1111211122021120212
In base 2, what is -10000101001010110 + 10101?
-10000101001000001
In base 7, what is 1344 + 1652263?
1653640
In base 7, what is -34330 + -333622?
-401252
In base 5, what is 14231101 - -201?
14231302
In base 13, what is 26390a + 73?
263980
In base 10, what is -7077 + 57945?
50868
In base 15, what is -15 + 47b4b?
47b36
In base 8, what is 114031 - -20231?
134262
In base 2, what is 110111001101111011001111000101 - 11?
110111001101111011001111000010
In base 8, what is 14 + -10006466?
-10006452
In base 11, what is 7a - -7634?
7703
In base 15, what is 69 - a2a33?
-a29b9
In base 5, what is 2031112403 + -10?
2031112343
In base 8, what is -3521715 - -72?
-3521623
In base 2, what is -110101 - -111001001010001111?
111001001001011010
In base 13, what is -5 + -48aa60a2?
-48aa60a7
In base 12, what is -1623a5225 + -3?
-1623a5228
In base 5, what is -3132303230 - -10?
-3132303220
In base 16, what is -43e + 1ba1?
1763
In base 7, what is -1130222666 + 14?
-1130222652
In base 5, what is 2 + -324002124?
-324002122
In base 8, what is -53364 + 165552?
112166
In base 8, what is 315 + 12564415?
12564732
In base 5, what is 2413 - 1422223411?
-1422220443
In base 2, what is -101 - -10001011100101000000